 4. Let s be q(3). Suppose 3*p - s*n - 6 = 0, 0 = 4*p + n - 3*n + 6. Calculate w(p).
8
Let z(p) = 0*p**2 + 2*p**2 - p**3 - 5*p + 3*p**2 + 2. Suppose 33 = 17*n - 35. Determine z(n).
-2
Let f(w) = w**3 - 7*w**2 + 5*w - 7. Suppose 2*h - 104 = -0*h + 4*b, -2*h - 4*b + 112 = 0. Suppose 2*y + h = 11*y. Give f(y).
-13
Let u(c) = c**3 + 7*c**2 + 4*c - 4. Let m(a) = -a**3 - 7*a**2 + 8*a - 6. Let k be 2/(-7) - (-54)/(-7). Let b be m(k). Calculate u(b).
8
Let x(u) be the first derivative of u**4/4 - 3*u**3 + 2*u**2 - 12*u + 256. Give x(9).
24
Let b(g) = 2*g + 4. Let z be 7 - -2*(-4)/8. Suppose 2*p = -5*y + 2, -2*y = -5*p - z*y + 22. Give b(p).
16
Let z(m) = -13*m - 1. Let d = -691 - -690. What is z(d)?
12
Let j(s) be the first derivative of -s**3/3 - 3*s + 6. Suppose 0 = -a + 2*c - 5 + 1, 5*a + 2*c - 4 = 0. Calculate j(a).
-3
Let f = -30 + 34. Suppose 0 = -4*w - 0*t + 4*t + f, 4*t = -w - 14. Let p(c) = 3*c**2 - 2. What is p(w)?
10
Let r(i) = -i**2 - 10*i - 12. Suppose -3*u + 94 = -101. Suppose -x = 4*g + 20, -4*g - u = 5*x - 13. What is r(x)?
4
Let z(u) = -5*u**3 + u**2 + u. Suppose 0 = 2*o + 3*w - 13, -2*o - 4 - 8 = -2*w. Let s be z(o). Let a(k) = 19 - 2*k - 56 + 20 + 23. What is a(s)?
-4
Let l(f) = 13*f**3 - 6*f - 9. Let a(r) = 8*r**3 - 4*r - 6. Let t(n) = 8*a(n) - 5*l(n). Calculate t(3).
-36
Let v(a) = 4*a + 15. Let m(l) = -l. Let d(t) = -3*m(t) - v(t). Give d(-9).
-6
Let h be (-8)/1 - 8/12*9. Let n(r) = -3*r - 23. Give n(h).
19
Let v(g) = -2 - 15*g**2 - 9*g**2 - 13*g - 2 + 26*g**2. Calculate v(7).
3
Let q(k) = 18*k**2 + 4*k. Let t be q(3). Let f(j) = 0 - 10 + 173*j - t*j. What is f(-9)?
-1
Let s(c) = -c**3 - 6*c**2 + c + 1. Let b be s(-6). Let z be b/(-30) + 10/12. Let v = z - 4. Let k(i) = -i - 1. What is k(v)?
2
Suppose -82 = -7*x + 100. Suppose 9*v = 19 + x. Let f(t) be the third derivative of t**6/120 - t**5/15 - t**4/6 - 2*t**3/3 + t**2. Calculate f(v).
1
Let k(t) be the third derivative of t**5/60 + t**4/8 + t**3/6 + 54*t**2. What is k(-1)?
-1
Let d(z) = 3*z - 68. Suppose -406*j + 401*j = -4*u - 104, 2*j - 68 = -5*u. Calculate d(j).
4
Let o = -586 + 581. Let s(a) = 4*a + 25. Give s(o).
5
Suppose 0 = 6*r - 10*r + 20. Let q(a) = -2*a - r + a + 5. Suppose 0 = 3*t - 3. Determine q(t).
-1
Let w(g) = 2*g - 2. Let l be 4/(-18) - (-2)/9. Calculate w(l).
-2
Let n(l) = 1 + 2 - 75*l + 74*l. Let c(i) = i**2 - 4*i - 10. Let w be c(6). Give n(w).
1
Let f(z) = -15*z + 377. Let q be f(25). Let m(v) be the first derivative of -q*v**3 - v**2 + 2 + 3*v + 1/4*v**4. Calculate m(6).
-9
Suppose 3*s = v - 2*s - 1, -4*v - 5*s + 4 = 0. Suppose -2*h - v + 9 = 0. Let y(q) = q + 0*q + h*q - q. Calculate y(1).
4
Let k(x) = -x - 5. Suppose 5*w + 2*h = 52, -4*w + 2*w + 3*h + 36 = 0. Suppose -w*a + 50 = -17*a. Calculate k(a).
5
Let q(m) = 3*m + 1. Suppose 5*i + 21*i = -104. Determine q(i).
-11
Suppose 13*i + 74 = -24*i. Let u(g) be the first derivative of -7*g**2/2 - g - 3. What is u(i)?
13
Let c(f) = 15*f + 23. Let b(o) = -7*o - 11. Let z(m) = -13*b(m) - 6*c(m). Let h(t) = -3*t - 10. Let x(q) = 2*h(q) + 5*z(q). What is x(11)?
-6
Let s(a) = a**3 + 4*a**2 - 4*a + 4. Suppose -3*t = -4*o - 26, 3*t + 2*t - 35 = 5*o. Calculate s(o).
-1
Let k(z) = 99*z**2 - 13*z + 5 - 8 + z**3 - 112*z**2 - 5. Calculate k(14).
6
Let b be (-144)/112 + (-4)/(-14). Let l(i) be the second derivative of -i**3/2 - 15*i. What is l(b)?
3
Let b = 5 + -5. Let d = -3 + 5. Let t(y) = b*y + d*y - 5*y. Determine t(-4).
12
Let i = 0 + -6. Let l = i + 1. Let j(k) = -k**3 - 6*k**2 - 5*k + 0*k + 0*k**3 - 5. Calculate j(l).
-5
Let u(a) = a. Let z(r) = r + 1. Let x(i) = -2*u(i) + 3*z(i). Let v(b) = -b**2 + 7*b - 3. Let y be v(5). Suppose 3*o + 2*h = -2*h - y, -o - 9 = 3*h. Give x(o).
6
Let l = 397 - 401. Let b(d) = -9*d - 5. Calculate b(l).
31
Let o(z) = 5*z - z - z - 5*z - 18 + z. Give o(-13).
-5
Let k(x) = -3*x - 7. Let q = 2479 + -2483. Determine k(q).
5
Let a be 3 + (-1 - 0)*7. Let l = 2 - a. Let p(v) = 2*v - l - 11 + v**2 + 19 + 0*v**2. Determine p(-3).
5
Let c be ((-3)/(-12))/((-16)/(-256)). Let o(a) = a**2 - 5*a + 4. Calculate o(c).
0
Let h be (-1)/(0 - (4/(-172) + 0)). Let q = 40 + h. Let j(f) = -f**2 - 4*f. Calculate j(q).
3
Let k(m) be the second derivative of -m**3/2 - 2*m**2 - 55*m + 1. Give k(-2).
2
Let x(u) be the third derivative of -1/120*u**6 - 1/8*u**4 + 0*u - 1/10*u**5 + 3*u**2 + 0 - 3/2*u**3. Let s be (3/(-9))/(4/72). Calculate x(s).
9
Suppose -2*i - r = 12, 3*r = 5*i + 5*r + 28. Let j(n) = -n**2 - 49*n + 3. Let t(f) = -f**2 - 59*f + 3. Let c(u) = -6*j(u) + 5*t(u). What is c(i)?
17
Let l(v) = 21*v + 1. Let u(q) = -6*q. Let z(d) = l(d) + 4*u(d). Determine z(-7).
22
Suppose -36 - 92 = -8*i. Suppose -4*p = -16, -8*g - 4*p = -6*g - i. Let h(k) = -k + 2. Give h(g).
2
Let k(r) = 4291*r**3 + 13 + 21 - 11*r + 12*r**2 - 4 - 4290*r**3. Calculate k(-13).
4
Let k(a) = -2*a**2 + 2*a - 3. Let n(h) = -4*h**2 + 4*h - 3. Let c(r) = 5*k(r) - 3*n(r). What is c(3)?
6
Let p(a) be the first derivative of a**3/3 + a**2 - 8*a + 3. Determine p(3).
7
Suppose -f = 2*f + 15. Let u(g) be the third derivative of -g**6/120 - g**5/10 - 7*g**4/24 - 5*g**3/6 - 3*g**2. Calculate u(f).
5
Let f(q) = 2*q**3 - 8*q**2 + 7*q - 1. Let c = 16 + -13. Determine f(c).
2
Let q = -408 - -418. Let k(h) = -2*h**2 + 21*h - 4. What is k(q)?
6
Let j = -19 + 20. Suppose -k = -j + 5. Let b(y) = 3*y - 3*y - y. Calculate b(k).
4
Let l(t) = -2*t**2 + 6*t - 8. Let i be (2 - (-21)/12) + 3/(-4). Let h(v) = 3*v**2 - 12*v + 15. Let s(b) = i*h(b) + 5*l(b). Give s(-6).
5
Suppose -39 + 15 = 4*z. Let t be (-6)/2 - 72/(-6). Let a(o) = -5 + 6*o - o**3 - t*o - 7*o**2 - 4*o. Give a(z).
1
Let w(t) = t + 0*t + 13*t**2 - 7*t**2 - 7*t**2 + 13 - 14*t. Determine w(-14).
-1
Let f(m) be the third derivative of -m**7/2520 - 7*m**6/720 + 29*m**4/24 - 4*m**2. Let d(o) be the second derivative of f(o). Determine d(-7).
0
Let h be 10/15*-6 + 70/2. Let o(l) = 9*l**3 - h*l**3 + 10*l**3 + 28*l**3 - l. Give o(-1).
-15
Let z(k) be the third derivative of -k**5/60 + 11*k**4/24 - 11*k**3/6 + k**2 + 4. Determine z(9).
7
Let z(m) = m - 2. Let q(c) = -c - 6. Let h(n) = 3*q(n) - 8*z(n). Determine h(-1).
9
Let u(n) = -n**3 + 5*n**2 - 5*n + 7. Let m be u(5). Let j be m/4*8/12. Let s(l) = l + 4. Give s(j).
1
Let u(x) be the second derivative of -x**4/12 + 4*x**3/3 + 2*x**2 + 132*x. Give u(8).
4
Let j(d) = 1 - 4 - 11006*d + 11003*d. Let i(o) = o**3 + o**2 - 4*o + 1. Let s be i(-3). What is j(s)?
12
Let r(l) = -8*l + 5. Suppose 2*x - 2 + 6 = 0. Let i(z) be the second derivative of -z**3/6 + z**2/2 - 9*z. Let a(d) = x*i(d) + r(d). Calculate a(3).
-15
Let l(c) = -5*c - 1. Let u be (-48)/(-20) - 2/5. Suppose 0 = 4*j - 2*w - 18, u*j = j + 2*w. Let h(k) = k - 7. Let t be h(j). Determine l(t).
4
Let g(a) be the second derivative of -a**5/20 + a**4/12 + a**3/6 + 3*a**2/2 + 18*a - 6. Determine g(0).
3
Suppose 118 - 40 = 13*t. Let b(i) = -i**3 + 5*i**2 + 5*i + 4. What is b(t)?
-2
Let m(j) = -2*j**3 - 4*j**2 - 6*j - 3. Let p(v) = 4 + 9*v + 4*v**2 - 2*v + 4*v**3 - 2*v**3. Let r(l) = 5*m(l) + 4*p(l). Determine r(-2).
5
Suppose c = -4 - 5. Let b = c + 13. Let h(p) = 3*p**2 + 9*p + 5. Let t(x) = -2*x**2 - 8*x - 5. Let y(l) = -4*h(l) - 5*t(l). Give y(b).
-11
Let y(k) be the first derivative of k**3/3 - 6*k**2 + k - 664. Determine y(8).
-31
Let s(g) be the second derivative of -3*g**5/20 + g**4/6 - g**2/2 - 4*g - 3. Calculate s(2).
-17
Suppose 0*u + 10 = 5*u. Let y(m) be the first derivative of m**3/3 - m**2 - 4802. What is y(u)?
0
Suppose -4*g + 3*l = -1, 4*g + l - 34 = -13. Let x(b) = 11*b**3 - b**2 - 4*b - 15. Let c(q) = 4*q**3 - q - 5. Let v(w) = -8*c(w) + 3*x(w). Give v(g).
-5
Let l(f) = f + 1. Let a(u) = -1. Let m(z) = 2*a(z) + 3*l(z). Let y(c) = 2*c + 34. Let h be y(-16). Let j = 1 + h. Calculate m(j).
10
Let r(w) be the second derivative of -4*w - 1/3*w**3 - 5/2*w**2 + 0. Give r(-4).
3
Let w be -42 + 2 - 4/2. Let l be (w/(-28))/(3/2). Let m(z) = 5*z - 1. Give m(l).
4
Let o(q) = -4*q + 4 - 3 + 2*q + 0. Give o(-1).
3
Let l(i) be the third derivative of i**6/60 + i**5/30 - i**4/12 + i**3/6 - 24*i**2. Let d be l(1). Let r(f) = -f**2 + 4*f - 3. Determine r(d).
0
Let x(w) = w**2 - 15*w - 7. Let i(q) = q**2 - 16*q - 7. Let k(h) = 3*i(h) - 4*x(h). Determine k(11).
18
Let m(p) be the first derivative of -p**3 